{"id":997,"date":"2019-02-08T09:04:38","date_gmt":"2019-02-08T09:04:38","guid":{"rendered":"https:\/\/cevian.select-themes.com\/?page_id=997"},"modified":"2025-01-08T18:50:08","modified_gmt":"2025-01-08T17:50:08","slug":"a-propos","status":"publish","type":"page","link":"https:\/\/cabinetheeraman.fr\/index.php\/a-propos\/","title":{"rendered":"\u00c0 propos"},"content":{"rendered":"<p>[vc_row row_content_width=\u00a0\u00bbgrid\u00a0\u00bb css=\u00a0\u00bb.vc_custom_1559636868664{padding-top: 78px !important;padding-bottom: 48px !important;}\u00a0\u00bb][vc_column offset=\u00a0\u00bbvc_col-lg-6 vc_col-md-12&Prime;]<div class=\"qodef-elements-holder   qodef-one-column   qodef-responsive-mode-768  \" ><div class=\"qodef-eh-item     \"  data-item-class=\"qodef-eh-custom-7390\" data-1025-1366=\"15px 0\" data-769-1024=\"0 0 0 7%\">\n\t<div class=\"qodef-eh-item-inner\">\n        \t\t<div class=\"qodef-eh-item-content qodef-eh-custom-7390\" >\n\t\t\t<div class=\"qodef-single-image-holder   \">\n    <div class=\"qodef-si-inner\" >\n                                    <img width=\"1333\" height=\"2000\" src=\"https:\/\/cabinetheeraman.fr\/wp-content\/uploads\/2021\/11\/002_20210527_L2P_Yvette-Heeraman-1.jpg\" class=\"attachment-full size-full\" alt=\"\" loading=\"lazy\" srcset=\"https:\/\/cabinetheeraman.fr\/wp-content\/uploads\/2021\/11\/002_20210527_L2P_Yvette-Heeraman-1.jpg 1333w, https:\/\/cabinetheeraman.fr\/wp-content\/uploads\/2021\/11\/002_20210527_L2P_Yvette-Heeraman-1-200x300.jpg 200w, https:\/\/cabinetheeraman.fr\/wp-content\/uploads\/2021\/11\/002_20210527_L2P_Yvette-Heeraman-1-682x1024.jpg 682w, https:\/\/cabinetheeraman.fr\/wp-content\/uploads\/2021\/11\/002_20210527_L2P_Yvette-Heeraman-1-768x1152.jpg 768w, https:\/\/cabinetheeraman.fr\/wp-content\/uploads\/2021\/11\/002_20210527_L2P_Yvette-Heeraman-1-1024x1536.jpg 1024w\" sizes=\"(max-width: 1333px) 100vw, 1333px\" \/>                        <\/div>\n<\/div>\t\t<\/div>\n\t<\/div>\n<\/div><\/div>[\/vc_column][vc_column offset=\u00a0\u00bbvc_col-lg-6 vc_col-md-12&Prime;]<div class=\"qodef-elements-holder   qodef-one-column   qodef-responsive-mode-768  \" ><div class=\"qodef-eh-item     \"  data-item-class=\"qodef-eh-custom-9491\" data-1025-1366=\"10px 10% 0 0\" data-769-1024=\"10px 30% 60px 20%\" data-681-768=\"10px 20% 60px 20%\" data-680=\"10px 2% 60px 2%\">\n\t<div class=\"qodef-eh-item-inner\">\n        \t\t<div class=\"qodef-eh-item-content qodef-eh-custom-9491\" style=\"padding: 2px 0% 0 0\">\n\t\t\t\n<div class=\"qodef-process-holder  qodef-three-columns qodef-responsive-1024\">\n        \t<div class=\"qodef-mark-vertical-holder qodef-process-default-skin\">\n                    <div class=\"qodef-process-mark-hoder clearfix\">\n                <div class=\"qodef-process-line\"><\/div>\n                <div class=\"qodef-process-mark\">\n                    <div class=\"qodef-process-circle\" >01<\/div>\n                <\/div>\n                    <div class=\"qodef-process-item  \">\n\t<div class=\"qodef-pi-content\">\n\t\t\t\t\t<h5 class=\"qodef-pi-title\" >Un cabinet au service des employeurs\u2026<\/h5>\n\t\t\t\t\t\t\t<p class=\"qodef-pi-text\" >Le cabinet conseille des soci\u00e9t\u00e9s fran\u00e7aises et internationales, ainsi que des associations, sur tous les aspects du droit du travail et de la gestion quotidienne des ressources humaines. Il vous assiste dans la r\u00e9daction de toute la documentation relative au droit du travail, tant individuel que collectif : contrats de travail et avenants, courriers aff\u00e9rents aux proc\u00e9dures disciplinaires, accords collectifs, engagements unilat\u00e9raux, chartes... Il intervient aussi sur les probl\u00e9matiques sociales de plus grande envergure (due diligence dans le cadre d\u2019op\u00e9rations de fusion-acquisition et restructuration, licenciement collectif, rupture conventionnelle collective, information\/consultation des institutions repr\u00e9sentatives du personnel\u2026). Le cabinet assiste les clients dans le cadre des contr\u00f4les URSSAF et les d\u00e9fend dans le cadre des redressements.<\/p>\n\t\t\t<\/div>\n<\/div>                <\/div>\n                    <div class=\"qodef-process-mark-hoder clearfix\">\n                <div class=\"qodef-process-line\"><\/div>\n                <div class=\"qodef-process-mark\">\n                    <div class=\"qodef-process-circle\" >02<\/div>\n                <\/div>\n                    <div class=\"qodef-process-item  \">\n\t<div class=\"qodef-pi-content\">\n\t\t\t\t\t<h5 class=\"qodef-pi-title\" >\u2026 et au service des salari\u00e9s<\/h5>\n\t\t\t\t\t\t\t<p class=\"qodef-pi-text\" >Le cabinet conseille \u00e9galement les salari\u00e9s sur tous les aspects touchant \u00e0 la vie de leur contrat de travail, de l\u2019embauche \u00e0 la rupture.<\/p>\n\t\t\t<\/div>\n<\/div>                <\/div>\n                    <div class=\"qodef-process-mark-hoder clearfix\">\n                <div class=\"qodef-process-line\"><\/div>\n                <div class=\"qodef-process-mark\">\n                    <div class=\"qodef-process-circle\" >03<\/div>\n                <\/div>\n                    <div class=\"qodef-process-item  \">\n\t<div class=\"qodef-pi-content\">\n\t\t\t\t\t<h5 class=\"qodef-pi-title\" >Un cabinet qui accompagne dans la n\u00e9gociation<\/h5>\n\t\t\t\t\t\t\t<p class=\"qodef-pi-text\" >Dot\u00e9 d\u2019une longue expertise dans le mode alternatif de r\u00e8glement des conflits, le cabinet accompagne aussi bien les entreprises que les salari\u00e9s dans leurs n\u00e9gociations (ruptures conventionnelles, accords transactionnels\u2026).<\/p>\n\t\t\t<\/div>\n<\/div>                <\/div>\n        \t<\/div>\n    <\/div>\t\t<\/div>\n\t<\/div>\n<\/div><\/div>[\/vc_column][\/vc_row][vc_row row_content_width=\u00a0\u00bbgrid\u00a0\u00bb simple_background_color=\u00a0\u00bb#f9f9f9&Prime; css=\u00a0\u00bb.vc_custom_1640123154865{padding-bottom: 0px !important;}\u00a0\u00bb][vc_column css=\u00a0\u00bb.vc_custom_1640104179848{padding-right: 10% !important;}\u00a0\u00bb offset=\u00a0\u00bbvc_col-lg-12 vc_col-md-12&Prime;]<div class=\"qodef-tabs  qodef-tabs-standard qodef-tabs-full-width-border\">\n\t<ul class=\"qodef-tabs-nav clearfix\">\n\t\t\t\t\t<li>\n\t\t\t\t\t\t\t\t\t<a href=\"#tab-cv\">CV<\/a>\n\t\t\t\t\t\t\t<\/li>\n\t\t\t<\/ul>\n\t<div class=\"qodef-tab-container\" id=\"tab-cv-22\">[vc_empty_space height=\u00a0\u00bb60px\u00a0\u00bb]<div class=\"qodef-section-title-holder  qodef-st-standard qodef-st-title-left qodef-st-normal-space \" >\n\t<div class=\"qodef-st-inner\">\n                    <h6 class=\"qodef-st-caption\" >\n                Comp\u00e9tences et sp\u00e9cialit\u00e9s            <\/h6>\n        \t\t\t\t\t<h3 class=\"qodef-st-title\" >\n\t\t\t\tMon parcours\t\t\t<\/h3>\n\t\t\t\t\t\t\t<p class=\"qodef-st-text\" style=\"margin-top: 15px\">\n\t\t\t\tYvette Heeraman, Avocat au Barreau de Paris, a pr\u00eat\u00e9 serment en 1995. Elle est dipl\u00f4m\u00e9e de l\u2019Universit\u00e9 Panth\u00e9on \u2013 Assas (Paris II) o\u00f9 elle a pass\u00e9 un DEUG de droit, une licence en droit priv\u00e9, une Ma\u00eetrise en droit priv\u00e9 \u00ab Carri\u00e8res judiciaires \u00bb, un DEA de Philosophie du droit et un DESS en Propri\u00e9t\u00e9 Industrielle. Plurilingue, elle a d\u00e9but\u00e9 sa carri\u00e8re dans un cabinet franco-allemand, HWH, o\u00f9 elle a orient\u00e9 son activit\u00e9 essentiellement vers le droit du travail et de la s\u00e9curit\u00e9 sociale. Elle a ensuite poursuivi sa carri\u00e8re au d\u00e9partement contentieux du bureau parisien de Baker &amp; McKenzie, de 1998 \u00e0 2009, en tant qu\u2019Associate, Senior Associate puis Local Partner. Elle a fond\u00e9 son cabinet en 2009. Elle a rejoint le cabinet Ngo Jung &amp; Partners de 2015 \u00e0 2018 pour cr\u00e9er le d\u00e9partement droit du travail du cabinet. Sensibilis\u00e9e de longue date aux modes alternatifs de r\u00e8glement des conflits, Yvette Heeramanest titulaire du Dipl\u00f4me d\u2019Etat de M\u00e9diateur Familial d\u00e9livr\u00e9 par l\u2019Universit\u00e9 de Paris-Nanterre. Elle exerce la m\u00e9diation tant \u00e0 titre lib\u00e9ral qu\u2019au sein du Centre Yvelines M\u00e9diation (CYM) \u00e0 Versailles, organisme conventionn\u00e9. F\u00e9rue de langues, Yvette Heeraman a \u00e9t\u00e9 traducteur pour la Cour de Justice de l\u2019Union Europ\u00e9enne. Elle poursuit une activit\u00e9 de traduction de textes juridiques du fran\u00e7ais au danois ou du danois au fran\u00e7ais, ainsi que du fran\u00e7ais \u00e0 l\u2019anglais ou de l\u2019anglais au fran\u00e7ais. Yvette Heeraman est bilingue danois\/fran\u00e7ais.<br \/>\nElle parle couramment anglais. Elle ma\u00eetrise \u00e9galement l\u2019allemand.\t\t\t<\/p>\n\t\t\t<\/div>\n<\/div>[vc_icon icon_fontawesome=\u00a0\u00bbfab fa-linkedin\u00a0\u00bb color=\u00a0\u00bbcustom\u00a0\u00bb custom_color=\u00a0\u00bb#6e4b63&Prime; link=\u00a0\u00bburl:https%3A%2F%2Fwww.linkedin.com%2Fin%2Fyvetteheeraman%2F|target:_blank\u00a0\u00bb][vc_empty_space height=\u00a0\u00bb34px\u00a0\u00bb]<a itemprop=\"url\" href=\"https:\/\/cabinetheeraman.fr\/index.php\/contact\/\" target=\"_self\"  class=\"qodef-btn qodef-btn-medium qodef-btn-solid\"  >\n    <span class=\"qodef-btn-text\">Contact<\/span>\n    <\/a><\/div><\/div><div class=\"qodef-elements-holder   qodef-one-column   qodef-responsive-mode-768  \" ><div class=\"qodef-eh-item     \"  data-item-class=\"qodef-eh-custom-4465\" data-769-1024=\"80px 80px 0 80px\" data-681-768=\"80px 0 0 0\" data-680=\"70px 0 0 0\">\n\t<div class=\"qodef-eh-item-inner\">\n        \t\t<div class=\"qodef-eh-item-content qodef-eh-custom-4465\" style=\"padding: 240px 0 0 0\">\n\t\t\t\t\t<\/div>\n\t<\/div>\n<\/div><\/div>[\/vc_column][\/vc_row][vc_row simple_background_color=\u00a0\u00bb#949889&Prime;][vc_column]\n<div class=\"qodef-interactive-banners  qodef-ib-five  qodef-ib-full-height\" >\n    <div class=\"qodef-ib-images-holder\">\n                    <div class=\"qodef-ib-image-holder qodef-active\" style=\"background-image: url(https:\/\/cabinetheeraman.fr\/wp-content\/uploads\/2021\/11\/Cabinet-Yvette-Heeraman-Avocate-Paris-droit-travail-prudhomme-employeur-salarie-litige-juridique-licenciement-retraite-securite-contrat-paris-17eme-parc-monceau.jpg)\" data-index=\"0\">\n\n            <\/div>\n                                            <div class=\"qodef-ib-image-holder \" style=\"background-image: url(https:\/\/cabinetheeraman.fr\/wp-content\/uploads\/2021\/11\/Cabinet-Yvette-Heeraman-Avocate-Paris-droit-travail-prudhomme-employeur-salarie-litige-juridique-licenciement-retraite-securite-contrat-paris-17eme-parc-monceau-sebastian-pichler.jpg)\" data-index=\"1\">\n\n            <\/div>\n                                            <div class=\"qodef-ib-image-holder \" style=\"background-image: url(https:\/\/cabinetheeraman.fr\/wp-content\/uploads\/2021\/11\/Cabinet-Yvette-Heeraman-Avocate-Paris-droit-travail-prudhomme-employeur-salarie-litige-juridique-licenciement-retraite-securite-contrat-paris-17eme-parc-monceau-laimannung.jpg)\" data-index=\"2\">\n\n            <\/div>\n                                            <div class=\"qodef-ib-image-holder \" style=\"background-image: url(https:\/\/cabinetheeraman.fr\/wp-content\/uploads\/2021\/11\/Cabinet-Yvette-Heeraman-Avocate-Paris-droit-travail-prudhomme-employeur-salarie-litige-juridique-licenciement-retraite-securite-contrat-paris-17eme-parc-monceau-image3.jpeg)\" data-index=\"3\">\n\n            <\/div>\n                                            <div class=\"qodef-ib-image-holder \" style=\"background-image: url(https:\/\/cabinetheeraman.fr\/wp-content\/uploads\/2021\/12\/cabinet-heeraman-avocat-paris-droit-travail-social-securite-prud-homme-contentieux-appel-tribunal-conseil-judiciaire-paris-17-pexels-luca-nardone-4322661.jpg)\" data-index=\"4\">\n\n            <\/div>\n                            <\/div>\n    <div class=\"qodef-ib-content-holder\">\n                    <div class=\"qodef-ib-item qodef-active qodef-active-bg\" data-index=\"0\">\n                <div class=\"qodef-ib-image-holder-responsive\" style=\"background-image: url(https:\/\/cabinetheeraman.fr\/wp-content\/uploads\/2021\/11\/Cabinet-Yvette-Heeraman-Avocate-Paris-droit-travail-prudhomme-employeur-salarie-litige-juridique-licenciement-retraite-securite-contrat-paris-17eme-parc-monceau.jpg)\">\n\n                <\/div>\n                <div class=\"qodef-ib-item-inner\">\n                    <div class=\"qodef-ib-item-title\">\n                        <h4> Relations<br>individuelles <\/h4>\n                    <\/div>\n                    <div class=\"qodef-ib-item-description qodef-hidden\">\n                        <p>  <\/p>\n                    <\/div>\n                                            <div class=\"qodef-ib-item-btn-holder\">\n                                <a itemprop=\"url\" href=\"https:\/\/www.legifrance.gouv.fr\/codes\/section_lc\/LEGITEXT000006072050\/LEGISCTA000006132321\/\" target=\"_blank\"  class=\"qodef-btn qodef-btn-medium qodef-btn-minimal qodef-btn-icon\"  >    <span class=\"qodef-btn-text\">En savoir plus<\/span>    <span aria-hidden=\"true\" class=\"qodef-icon-font-elegant icon_plus \" ><\/span><\/a>                        <\/div>\n                                    <\/div>\n            <\/div>\n                                            <div class=\"qodef-ib-item \" data-index=\"1\">\n                <div class=\"qodef-ib-image-holder-responsive\" style=\"background-image: url(https:\/\/cabinetheeraman.fr\/wp-content\/uploads\/2021\/11\/Cabinet-Yvette-Heeraman-Avocate-Paris-droit-travail-prudhomme-employeur-salarie-litige-juridique-licenciement-retraite-securite-contrat-paris-17eme-parc-monceau-sebastian-pichler.jpg)\">\n\n                <\/div>\n                <div class=\"qodef-ib-item-inner\">\n                    <div class=\"qodef-ib-item-title\">\n                        <h4> Relations<br>collectives <\/h4>\n                    <\/div>\n                    <div class=\"qodef-ib-item-description qodef-hidden\">\n                        <p>  <\/p>\n                    <\/div>\n                                            <div class=\"qodef-ib-item-btn-holder\">\n                                <a itemprop=\"url\" href=\"https:\/\/www.legifrance.gouv.fr\/codes\/id\/LEGISCTA000018535860\/2008-05-01\" target=\"_blank\"  class=\"qodef-btn qodef-btn-medium qodef-btn-minimal qodef-btn-icon\"  >    <span class=\"qodef-btn-text\">En savoir plus<\/span>    <span aria-hidden=\"true\" class=\"qodef-icon-font-elegant icon_plus \" ><\/span><\/a>                        <\/div>\n                                    <\/div>\n            <\/div>\n                                            <div class=\"qodef-ib-item \" data-index=\"2\">\n                <div class=\"qodef-ib-image-holder-responsive\" style=\"background-image: url(https:\/\/cabinetheeraman.fr\/wp-content\/uploads\/2021\/11\/Cabinet-Yvette-Heeraman-Avocate-Paris-droit-travail-prudhomme-employeur-salarie-litige-juridique-licenciement-retraite-securite-contrat-paris-17eme-parc-monceau-laimannung.jpg)\">\n\n                <\/div>\n                <div class=\"qodef-ib-item-inner\">\n                    <div class=\"qodef-ib-item-title\">\n                        <h4> Contr\u00f4le<br>URSSAF <\/h4>\n                    <\/div>\n                    <div class=\"qodef-ib-item-description qodef-hidden\">\n                        <p>  <\/p>\n                    <\/div>\n                                            <div class=\"qodef-ib-item-btn-holder\">\n                                <a itemprop=\"url\" href=\"https:\/\/www.legifrance.gouv.fr\/jorf\/id\/JORFTEXT000041521828\" target=\"_blank\"  class=\"qodef-btn qodef-btn-medium qodef-btn-minimal qodef-btn-icon\"  >    <span class=\"qodef-btn-text\">En savoir plus<\/span>    <span aria-hidden=\"true\" class=\"qodef-icon-font-elegant icon_plus \" ><\/span><\/a>                        <\/div>\n                                    <\/div>\n            <\/div>\n                                            <div class=\"qodef-ib-item \" data-index=\"3\">\n                <div class=\"qodef-ib-image-holder-responsive\" style=\"background-image: url(https:\/\/cabinetheeraman.fr\/wp-content\/uploads\/2021\/11\/Cabinet-Yvette-Heeraman-Avocate-Paris-droit-travail-prudhomme-employeur-salarie-litige-juridique-licenciement-retraite-securite-contrat-paris-17eme-parc-monceau-image3.jpeg)\">\n\n                <\/div>\n                <div class=\"qodef-ib-item-inner\">\n                    <div class=\"qodef-ib-item-title\">\n                        <h4> M\u00e9diation <\/h4>\n                    <\/div>\n                    <div class=\"qodef-ib-item-description qodef-hidden\">\n                        <p>  <\/p>\n                    <\/div>\n                                            <div class=\"qodef-ib-item-btn-holder\">\n                                <a itemprop=\"url\" href=\"https:\/\/www.legifrance.gouv.fr\/codes\/id\/LEGISCTA000030360397\/\" target=\"_blank\"  class=\"qodef-btn qodef-btn-medium qodef-btn-minimal qodef-btn-icon\"  >    <span class=\"qodef-btn-text\">En savoir plus<\/span>    <span aria-hidden=\"true\" class=\"qodef-icon-font-elegant icon_plus \" ><\/span><\/a>                        <\/div>\n                                    <\/div>\n            <\/div>\n                                            <div class=\"qodef-ib-item \" data-index=\"4\">\n                <div class=\"qodef-ib-image-holder-responsive\" style=\"background-image: url(https:\/\/cabinetheeraman.fr\/wp-content\/uploads\/2021\/12\/cabinet-heeraman-avocat-paris-droit-travail-social-securite-prud-homme-contentieux-appel-tribunal-conseil-judiciaire-paris-17-pexels-luca-nardone-4322661.jpg)\">\n\n                <\/div>\n                <div class=\"qodef-ib-item-inner\">\n                    <div class=\"qodef-ib-item-title\">\n                        <h4> Contentieux de la maladie et de l'accident professionnel <\/h4>\n                    <\/div>\n                    <div class=\"qodef-ib-item-description qodef-hidden\">\n                        <p>  <\/p>\n                    <\/div>\n                                            <div class=\"qodef-ib-item-btn-holder\">\n                                <a itemprop=\"url\" href=\"https:\/\/www.legifrance.gouv.fr\/codes\/id\/LEGISCTA000006141639\/\" target=\"_blank\"  class=\"qodef-btn qodef-btn-medium qodef-btn-minimal qodef-btn-icon\"  >    <span class=\"qodef-btn-text\">En savoir plus<\/span>    <span aria-hidden=\"true\" class=\"qodef-icon-font-elegant icon_plus \" ><\/span><\/a>                        <\/div>\n                                    <\/div>\n            <\/div>\n                            <\/div>\n    <div class=\"qodef-ib-grid\">\n                    <div class=\"qodef-ib-grid-line\">\n                <div class=\"qodef-ib-grid-vertical-line\"><\/div>\n                <div class=\"qodef-ib-grid-vertical-mask\"><\/div>\n            <\/div>\n                    <div class=\"qodef-ib-grid-line\">\n                <div class=\"qodef-ib-grid-vertical-line\"><\/div>\n                <div class=\"qodef-ib-grid-vertical-mask\"><\/div>\n            <\/div>\n                    <div class=\"qodef-ib-grid-line\">\n                <div class=\"qodef-ib-grid-vertical-line\"><\/div>\n                <div class=\"qodef-ib-grid-vertical-mask\"><\/div>\n            <\/div>\n                    <div class=\"qodef-ib-grid-line\">\n                <div class=\"qodef-ib-grid-vertical-line\"><\/div>\n                <div class=\"qodef-ib-grid-vertical-mask\"><\/div>\n            <\/div>\n                    <div class=\"qodef-ib-grid-line\">\n                <div class=\"qodef-ib-grid-vertical-line\"><\/div>\n                <div class=\"qodef-ib-grid-vertical-mask\"><\/div>\n            <\/div>\n            <\/div>\n<\/div>[\/vc_column][\/vc_row]<\/p>\n","protected":false},"excerpt":{"rendered":"<p>[vc_row row_content_width=\u00a0\u00bbgrid\u00a0\u00bb css=\u00a0\u00bb.vc_custom_1559636868664{padding-top: 78px !important;padding-bottom: 48px !important;}\u00a0\u00bb][vc_column offset=\u00a0\u00bbvc_col-lg-6 vc_col-md-12&Prime;][\/vc_column][vc_column offset=\u00a0\u00bbvc_col-lg-6 vc_col-md-12&Prime;][\/vc_column][\/vc_row][vc_row row_content_width=\u00a0\u00bbgrid\u00a0\u00bb simple_background_color=\u00a0\u00bb#f9f9f9&Prime; css=\u00a0\u00bb.vc_custom_1640123154865{padding-bottom: 0px !important;}\u00a0\u00bb][vc_column css=\u00a0\u00bb.vc_custom_1640104179848{padding-right: 10% !important;}\u00a0\u00bb offset=\u00a0\u00bbvc_col-lg-12 vc_col-md-12&Prime;][\/vc_column][\/vc_row][vc_row simple_background_color=\u00a0\u00bb#949889&Prime;][vc_column][\/vc_column][\/vc_row]<\/p>\n","protected":false},"author":1,"featured_media":0,"parent":0,"menu_order":0,"comment_status":"closed","ping_status":"closed","template":"full-width.php","meta":[],"_links":{"self":[{"href":"https:\/\/cabinetheeraman.fr\/index.php\/wp-json\/wp\/v2\/pages\/997"}],"collection":[{"href":"https:\/\/cabinetheeraman.fr\/index.php\/wp-json\/wp\/v2\/pages"}],"about":[{"href":"https:\/\/cabinetheeraman.fr\/index.php\/wp-json\/wp\/v2\/types\/page"}],"author":[{"embeddable":true,"href":"https:\/\/cabinetheeraman.fr\/index.php\/wp-json\/wp\/v2\/users\/1"}],"replies":[{"embeddable":true,"href":"https:\/\/cabinetheeraman.fr\/index.php\/wp-json\/wp\/v2\/comments?post=997"}],"version-history":[{"count":53,"href":"https:\/\/cabinetheeraman.fr\/index.php\/wp-json\/wp\/v2\/pages\/997\/revisions"}],"predecessor-version":[{"id":5565,"href":"https:\/\/cabinetheeraman.fr\/index.php\/wp-json\/wp\/v2\/pages\/997\/revisions\/5565"}],"wp:attachment":[{"href":"https:\/\/cabinetheeraman.fr\/index.php\/wp-json\/wp\/v2\/media?parent=997"}],"curies":[{"name":"wp","href":"https:\/\/api.w.org\/{rel}","templated":true}]}}